4 - -6. Let l = k + -7. Suppose -2*m - r + 24 = r, 5*m + l*r - 62 = 0. What are the prime factors of m?
13
Let c be (1 + 1)*37 + -2. Let r = c - 45. Suppose -3*y = -6*y + r. What are the prime factors of y?
3
What are the prime factors of ((-448)/24)/((-1)/3)?
2, 7
Let k be -1*1/(-2)*2. What are the prime factors of (k + 2)/((-9)/(-42))?
2, 7
Let q = -12 + 20. Let p = q - 4. Suppose 105 = p*s + s. List the prime factors of s.
3, 7
Suppose -616 = -7*v - 77. List the prime factors of v.
7, 11
Suppose 0 = 5*m - 2*a - 1370 - 102, -879 = -3*m - 3*a. What are the prime factors of m?
2, 3, 7
Suppose 2*w = -3*w + 5*v + 900, -2*v - 722 = -4*w. List the prime factors of w.
181
Let b(q) = -q. Let w(i) = -i - 1. Let a(f) = -b(f) + 4*w(f). List the prime factors of a(-6).
2, 7
Suppose -3*j + 18 + 90 = 0. List the prime factors of j.
2, 3
Let a = 147 - -129. What are the prime factors of a?
2, 3, 23
Suppose -s - 2*s = -405. Suppose -4*l + s = 39. What are the prime factors of l?
2, 3
Suppose -5*f = 20, 5*k = -2*f + 7*f + 55. Let x(v) be the first derivative of v**4/4 - 2*v**3 - 5*v**2/2 + 5*v + 1. What are the prime factors of x(k)?
19
What are the prime factors of 109 + -2 + 2 - (-1 + 4)?
2, 53
Suppose 0 = 5*v - 5, 3*l + 11 = -0*l + 5*v. List the prime factors of l/(-4) + (-21)/(-2).
11
Suppose -4*c = -5*o + 9, 4*o + 14 = 6*o + c. Suppose o*k = k + 40. What are the prime factors of k?
2, 5
Let o = 717 - 459. What are the prime factors of o?
2, 3, 43
Let r = -9 - -13. Suppose -5 = r*d + 7, 65 = 4*k + d. What are the prime factors of k?
17
Suppose 485 = 5*h + 40. What are the prime factors of h?
89
Let b(x) = 2*x**2 - x - 4. Let m be (-2)/(-8) - (-15)/4. What are the prime factors of b(m)?
2, 3
Let l(t) = t**3 + 5*t**2 - 9*t - 8. Suppose -4*g + 0*g = 24. List the prime factors of l(g).
2, 5
Let w(i) = i**3 + 12*i**2 - i - 12. Let b be w(-12). Suppose 2 = y, b*y + 38 = p + 4*y. What are the prime factors of p?
2, 3, 5
Let i = 6 + -3. Let o = i + -3. Suppose o = 4*x + x - 10. What are the prime factors of x?
2
Suppose -4*p + 42 + 58 = 0. List the prime factors of p.
5
Suppose -5*c - 3*g = -298, 202 = 6*c - 3*c - 4*g. What are the prime factors of c?
2, 31
Let h = 265 - 170. List the prime factors of h.
5, 19
Suppose -4*d + 19 = -k, 5*k - 9 = d + 10. Let n(h) = -h**2 + 7*h - 4. Let x be n(d). Suppose -4*f + 22 = -x*f. List the prime factors of f.
11
Let h(d) = d**3 + 8*d**2 + 7. Let u be h(-6). Suppose -6*y = -y - 2*s - 97, 0 = 3*y + 4*s - u. List the prime factors of y.
3, 7
Suppose -5*d + 8 = -7. List the prime factors of d.
3
Suppose 2*l - 5*l + 77 = 2*h, 2*h = -4. What are the prime factors of l?
3
Let s(p) = -p**3 - 6*p**2 + 7*p + 3. Let i be s(-7). Suppose i*b - 5 = g + 3*g, -b = -5*g + 2. What are the prime factors of 2/b - 111/(-9)?
13
Let b(u) be the first derivative of -u**4/4 - 5*u**3/3 + 3*u**2/2 - 2*u - 3. Let g be b(-6). Suppose -p - 4 + g = 0. List the prime factors of p.
2, 3
Let b(y) = 47*y - 27. List the prime factors of b(2).
67
Let i(s) = s + 2. Let d be i(0). Suppose 29 = -t + 6*t - 4*w, -3*t + d*w + 17 = 0. List the prime factors of t.
5
Suppose -4*w + 7*w = 84. What are the prime factors of w?
2, 7
Let v(a) be the first derivative of -a**4/4 + 5*a**3/3 - a**2/2 + 4*a + 1. List the prime factors of v(3).
19
Suppose 0*i + 2*i - 82 = 4*r, 82 = 2*i - 2*r. List the prime factors of i.
41
Let v(u) = 17*u**2 + u + 1. Let f = -14 + 13. List the prime factors of v(f).
17
Suppose -13 - 1 = -2*n. Let a(g) = g**3 - 7*g**2 + 6*g - 6. Let h be a(n). Let j = h + -14. List the prime factors of j.
2, 11
Let j(s) = 19 - s + 8 - 7. Let k be j(0). Suppose 3*m - 3*b - b = 49, 5*b = -k. List the prime factors of m.
11
Suppose -108 = -2*y + h, -2*h + 292 = 4*y + 68. What are the prime factors of y?
5, 11
Suppose -58 - 11 = -a. What are the prime factors of a?
3, 23
Suppose 0 = -9*h + 183 + 645. What are the prime factors of h?
2, 23
What are the prime factors of (-3 - -5)*1/(4/34)?
17
Let a(b) = -13*b - 60. List the prime factors of a(-18).
2, 3, 29
Suppose 4*c = -2*a + 14, 0*c + 4*c - 5*a = 35. Suppose -14 = -5*s + s - c*f, 2*s - 5*f = -8. What are the prime factors of (-13 + s)*1/(-2)?
2, 3
Suppose -3*k + 4*k = 87. List the prime factors of k.
3, 29
Suppose 18 = -6*v + 138. List the prime factors of v.
2, 5
Suppose 4*v - 2*q = 3*v + 67, -4*v - 4*q + 280 = 0. List the prime factors of v.
3, 23
List the prime factors of -1 + (-3)/(-3) - (-1 + -204).
5, 41
Suppose 2*o = -3*k + 15, -3*k = 5*o + 2*k - 25. Suppose o = 4*l + 2*u - 30 - 48, -l = -5*u - 3. What are the prime factors of l?
2, 3
Suppose 11 = -4*z + 5*b - 10, 0 = z - 3*b + 7. Let n(d) = -5*d + 4. What are the prime factors of n(z)?
2, 3
Let d = 259 + -129. What are the prime factors of d?
2, 5, 13
Suppose 5*c = -20, -3*c = 4*j - 2*j + 4. Let m(w) = -w - w + j*w. What are the prime factors of m(1)?
2
Suppose -3*h + 4*h - 4 = 0. Let j(c) = -10*c + 10*c - c**2 + 2*c**2 - 5. What are the prime factors of j(h)?
11
Suppose -3*t = t - 20. Suppose 2*j - t*j = 2*f - 19, -j + f + 3 = 0. What are the prime factors of (1 - j)/((-1)/2)?
2
Suppose -5*q + 15 = -3*s - 10, 3*q - 14 = 2*s. Suppose 0*g = 2*g - q. List the prime factors of g.
2
Let w = -150 - -218. What are the prime factors of w?
2, 17
Suppose 7 = 5*q - 18. Let b = -2 + q. Suppose -4*m + 5*m + 12 = 4*h, -b*m = -5*h + 8. List the prime factors of m.
2
Let p be (0 - (1 - 4)) + 22. Suppose -2*b + 9 = 5*r + 2, 4*b + p = 3*r. Suppose -5*d = -r*d - 14. What are the prime factors of d?
7
Suppose -2*x + 4*c + 5 = 15, x + 3*c = 0. List the prime factors of x*(-4 + 0 + -2).
2, 3
Let k(h) = -3*h + 8. Suppose 2*g - 16 + 42 = 0. What are the prime factors of k(g)?
47
Let x(o) = 5*o**3 + 11*o**2 - 4*o. Let k(s) = -4*s**3 - 10*s**2 + 4*s. Let w(d) = -4*k(d) - 3*x(d). Let z be w(-7). Let j = 39 - z. List the prime factors of j.
11
What are the prime factors of 2/(-8) + 2123/44?
2, 3
Suppose 4*g + 32 = 5*r - 15, -5*r = -5*g - 55. Let b = g + 16. What are the prime factors of b?
2
Let n = 273 + -159. What are the prime factors of n?
2, 3, 19
Let f(s) = -s**2 - 5*s + 6. Let a be f(-5). Let b(u) = -u + 6. Let y be b(a). Suppose y = d + 1 - 5. What are the prime factors of d?
2
What are the prime factors of (1/(-2))/(2/(-224))?
2, 7
Suppose -11 = -4*z - t, t - 15 = -4*z + 4*t. Suppose -z*g + 59 = -2*k + 14, 0 = 5*k - 15. What are the prime factors of g?
17
Let b(p) = 3*p**2 + 6*p - 2. Let q(o) = -7*o**2 - 13*o + 5. Let y(h) = 5*b(h) + 2*q(h). What are the prime factors of y(-7)?
3, 7
Suppose -2*x + 0*x = -72. Suppose i = o + 4*i - 23, 2*i + x = 4*o. What are the prime factors of o?
11
Let v = 174 - 127. List the prime factors of v.
47
Let s(w) = -2*w**3 - 2*w**2 - 2. Suppose -4*h - 12 = 4*n, h + 2*n - 1 = -5. Let c be s(h). Let d(g) = -g + 11. List the prime factors of d(c).
5
Let k = -1 - -4. What are the prime factors of 10/(3*2/k)?
5
Suppose 183 = -5*r - 102. Let g be r/2 + (-1)/(-2). Let f = 40 + g. List the prime factors of f.
2, 3
Let h be 2/(-2)*1*7. Let b(o) = o**3 + 8*o**2 + 7*o + 4. What are the prime factors of b(h)?
2
Let g be 5/15 - 112/(-6). Let f = -10 + g. List the prime factors of f.
3
List the prime factors of 333/7 - (-6)/14.
2, 3
Let o be 86/2 - (-1 + 3). Suppose 3*l + 11 - o = 0. List the prime factors of l.
2, 5
Suppose -2*w + 149 = 5*t, -w = -4*t + 177 - 63. What are the prime factors of t?
29
Let z = -6 + 8. Suppose f = z*f - 7. What are the prime factors of f?
7
Let w be (-10)/(-1 + -1) - 2. Suppose 3*i = -y - 4*y + 2, -3 = w*i. List the prime factors of (28/8)/(y/2).
7
Suppose 5*g = d - 2*d + 32, -5*d = 4*g - 118. Suppose -80 + 0 = 5*h. Let v = h + d. What are the prime factors of v?
2, 3
Let y = -2 - -6. Let z = 2 + y. What are the prime factors of z?
2, 3
Suppose -v + 17 = 5*s - 3, 2*v + 12 = 3*s. Suppose s*g + g = 5. List the prime factors of -1 + g + (-2)/(-1).
2
What are the prime factors of 8/10*(-9 + 14)?
2
Let n be ((-20)/12)/(1/(-3)). Suppose 27 = 3*c - 4*o, -4*o = -5*c + 3*c + 22. Let g = c + n. What are the prime factors of g?
2, 5
Let w(r) = -8*r**2 + 3*r - 2. Let s be w(2). Let a = -7 - s. Suppose -34 = -3*x - d - 13, -3*x + a = -5*d. What are the prime factors of x?
7
Suppose -5*n = 2*o - 437, -45 - 130 = -2*n - o. List the prime fa